s digit of n?
2
Suppose 0 = -3*r + r + 6. Suppose -r*h - b = 4*b + 81, 4*b = -5*h - 135. What is the tens digit of h/(-2) - (-1)/(-2)?
1
Suppose 15 = 5*i, -4*l = -9*l - 4*i + 27. Let u(a) = -a**2 + 3*a + 4. What is the units digit of u(l)?
4
What is the units digit of (-6)/(-12) - (-537)/6?
0
Let b be 2 - (-1)/3*0. Suppose -4*j + 48 = b*j. What is the units digit of j?
8
Let d(i) = -3*i**3 + 2*i**2 + 3. Let q(x) = 7*x**3 - 4*x**2 - 7. Let j(a) = -5*d(a) - 2*q(a). Let l = -1 + 4. What is the units digit of j(l)?
8
Let w = 3 + -6. Let t be 2 - w/(3/7). Suppose -5 = -2*l + t. What is the units digit of l?
7
Suppose 3*i + 40 = 5*i. Let b = i + -12. What is the units digit of b?
8
What is the tens digit of (-1820)/(-63) - (-2)/18?
2
Let i = 37 + -21. What is the tens digit of i?
1
Let j(b) = 2*b**2 + 5*b + 17. What is the units digit of j(6)?
9
Let j(d) be the first derivative of -4*d - 9/2*d**2 - 1/3*d**3 + 3. What is the units digit of j(-8)?
4
Let i be (-268)/(-6) + 11/33. Suppose 0 = 5*s - 2*s - i. What is the tens digit of s?
1
Suppose 0 = 5*x - 0*x - 245. What is the units digit of x?
9
Suppose 0 = -3*y - 2*y + 45. Let f be (y/(-2))/((-9)/18). Suppose 2*s + 2 + 3 = -5*g, 3*g = -f. What is the units digit of s?
5
Let j = -23 - -48. Suppose -j = -0*t - 5*t. What is the units digit of t?
5
Suppose -2*w = 5*r - 373, -2*r + 0*w + 149 = w. What is the tens digit of r?
7
Suppose -4 - 8 = -3*b. Suppose -14 = 2*d - a, b*d + 2*a = -2*a - 16. What is the units digit of d/(-3) - (-2)/(-2)?
1
What is the tens digit of 20/(-8)*(-212)/10?
5
Suppose -12 + 0 = -6*r. What is the units digit of r?
2
Let g(c) = 13*c**2 - c. Let j(k) = -k**3 - 2*k**2 + k + 1. Let z be j(-2). What is the tens digit of g(z)?
1
Let y(i) = -i + 10. Let h be y(7). Suppose -h = -4*w + 5. What is the units digit of w?
2
Let x be (1 - (-1 + 2))/(-1). Suppose x = -3*o + 6 - 3. What is the units digit of o?
1
What is the tens digit of (-2)/8 + (-183)/(-12)?
1
Let m(t) = -t**3 - 12*t**2 + 4*t - 13. What is the hundreds digit of m(-13)?
1
Suppose 0 = -5*p + 36 + 14. What is the tens digit of p?
1
Let d be 36 + 1 + (1 - 3). Suppose 3*n = 2*o + 3*o + 63, 2*n - 42 = o. Let w = d - n. What is the units digit of w?
4
What is the tens digit of 10/4*116/10?
2
Let c = 168 - 108. Suppose -c = l + 3*l. What is the units digit of (-3)/l - (-29)/5?
6
Suppose 12 - 2 = -5*i. What is the units digit of ((-48)/(-28))/(i/(-7))?
6
Suppose 2*r - 5*i = 5*r - 113, 0 = 4*r + 4*i - 140. What is the units digit of r?
1
Let q be (-6)/15 + 87/5. Suppose v + q = 70. What is the units digit of v?
3
Suppose -4*s = 5*l - 13 - 144, 0 = -3*l + 5*s + 72. What is the tens digit of l?
2
Let r(m) = m**3 + 7*m**2 + 4*m + 3. Let k be r(-3). Suppose 6*u + k = 7*u. What is the units digit of u?
7
Let s be -9*((-3)/(-9))/(-1). Suppose 4*j = s*j - 3*u + 18, -5*j + 42 = 3*u. What is the units digit of j?
6
Let y(m) = -m**3 - 6*m**2 + 4. Let u be y(-6). Suppose -u*x + 23 = 3. What is the units digit of x?
5
Let w = -184 - -488. Suppose w = 5*g - 246. What is the units digit of (-4)/10 - g/(-25)?
4
Let i = -58 + 116. What is the tens digit of i?
5
Suppose -5*i + 105 + 260 = 0. What is the tens digit of i?
7
Let v(n) = 8*n - 12. What is the tens digit of v(7)?
4
Suppose 3*y - 2*d - 6 = d, 0 = -5*d + 5. Suppose -2*z = y*l - 14, -l - l - 16 = -5*z. What is the units digit of l?
2
Suppose 0*i + 3*i = -39. Let t = i + 21. What is the units digit of t?
8
Suppose 4*a - 4 - 3 = g, a - 4*g = -17. Suppose a*u = 4*u - 12. What is the tens digit of u?
1
Let v(a) = 6*a**2 + 4. What is the tens digit of v(-3)?
5
Let f(x) = x**2 - x - 3. What is the units digit of f(4)?
9
What is the tens digit of 2 - (1 - 2) - -17?
2
Suppose -1 = -5*o + 5*p - 2*p, 1 = -3*o + p. What is the units digit of (o + 3)*(-5)/(-2)?
5
Suppose f + 19 = 4*j, 5*f + 24 = 4*j + 9. Let q(r) = r**2 - 5*r. Let b be q(j). Let a(v) = v**2 + 16. What is the units digit of a(b)?
6
What is the hundreds digit of (0 - 2/6)/((-9)/2943)?
1
Let x be (-4)/6*63/(-7). Suppose 6*c = 3*c + x. Suppose 36 - 12 = c*j - 2*g, 5*j - 69 = 2*g. What is the units digit of j?
5
Let z = 29 + -16. Let k = -6 + z. What is the units digit of k?
7
Let h = -16 - -27. Let s be 2/(-6) - (-8)/(-3). What is the units digit of h/(3*s/(-9))?
1
Let c = 1 + 1. What is the units digit of c?
2
What is the units digit of -15*(-40)/12 - -3?
3
Let u(s) = 6*s + s**2 + 2 + 6 - 3 + 4. Let h = -9 - -3. What is the units digit of u(h)?
9
What is the units digit of (6/4)/((-3)/(-20)*1)?
0
Suppose -3*g + 10 = -2*l - 1, 5*l - 7 = -4*g. What is the units digit of (-1 - -5)/(0 - l)?
4
Let h(v) = -v**3 - 14*v**2 - 13*v + 8. What is the tens digit of h(-14)?
9
Let a(m) = -m**2 + 6*m - 1. Let j be a(5). Suppose -j*y + 39 = -i, 2*y = -4*i + 16 + 26. What is the tens digit of y?
1
Let l(f) = -f - 5. Suppose 3*y + 3*m + 22 = -2*y, -m = -y - 6. Let a be l(y). Let c(z) = -z + 12. What is the tens digit of c(a)?
1
Suppose -5*a + 4*v + 33 = -6*a, 2*v = -4*a - 174. What is the tens digit of (-2)/(-10) + (-621)/a?
1
Let g = -4 + 5. Suppose g = -x + 5. Suppose -4*q + x = -0*q. What is the units digit of q?
1
Suppose -m + 0 + 1 = 0. Let o(i) = 5*i - 1. What is the units digit of o(m)?
4
Suppose c = 4*v - c - 460, -3*c - 351 = -3*v. What is the hundreds digit of v?
1
Suppose 39 = 5*p - 106. What is the units digit of p?
9
Let r = 9 - -26. What is the tens digit of r?
3
Suppose 8*y = 9*y - 67. What is the units digit of y?
7
Suppose 1 + 7 = 4*q. Suppose -4 = q*d, 5*w + 2*d - 202 = 3*d. Suppose -5*c - 40 = -4*j - c, -4*j + w = 2*c. What is the tens digit of j?
1
Let r(d) = d**3 + d**2 - d + 5. Let n be r(0). Suppose n*u = 222 - 32. Suppose 5*t - u = 2. What is the units digit of t?
8
Suppose 2*y - 4*y + 97 = -3*a, a + 210 = 5*y. What is the units digit of y?
1
Let u(g) = -11*g**3 + 3*g**2 + 11*g + 14. Let m(p) = 4*p**3 - p**2 - 4*p - 5. Let f(q) = -8*m(q) - 3*u(q). What is the units digit of f(3)?
3
Let b be -2 + (6 - 1) + -1. Suppose -b - 5 = -z. What is the units digit of z?
7
Let f(i) = 20*i - 13. Let r(j) = 5*j - 3. Let g(n) = 2*f(n) - 9*r(n). What is the units digit of g(-1)?
6
Suppose -2*h = 0, -3*h - 34 = -5*y + 1. What is the units digit of y?
7
Suppose 0*s = s. Suppose h + s*h + 2*t = 26, 5*h - 154 = -2*t. What is the units digit of 2/(-6) - h/(-6)?
5
Let s = 6 - 1. Suppose 4 = -s*m - 1. What is the units digit of 2/(-1) - (m - 2)?
1
Let d(w) = w + 0*w + 3 + 0 - 4. What is the units digit of d(2)?
1
What is the units digit of (-18)/10*60/(-18)?
6
Let u be 1/(4/64 - 0). Suppose 15*n = 19*n - u. What is the units digit of n?
4
Let f(z) = z**3 + 5*z**2 + z + 4. Let q be f(-5). Let s(o) = -3*o**2 + 1. Let h be s(q). Let k = h - -8. What is the units digit of k?
6
Suppose -11 = -3*n - t - 0*t, -3*n - 5*t = -31. Suppose 0 = -5*d + 5, n = 5*x + d - 14. What is the units digit of x?
3
Let q = 1 + 0. Let f be 2*(-7)/(-6)*6. Suppose q = -a + f. What is the tens digit of a?
1
Let r = 109 - 69. Suppose -5*m = -m - r. What is the tens digit of m?
1
Suppose -12 = -2*d + 16. Suppose 3*s = d + 22. What is the units digit of s?
2
Suppose x + 502 = -4*z, -5*z + 4*x - 423 = 215. Let w be (6/(-5))/(10/(-300)). What is the tens digit of (-27)/w - z/8?
1
Let m(r) = -2*r - 6. Let i be m(-4). Let d(u) = u**3 + u + 3 + 3*u**i + 0*u + 1. What is the units digit of d(-3)?
1
Let d(i) = -14*i**3 + i**2 - 4*i + 9. Let y(q) = -5*q**3 - q + 3. Let m(x) = -4*d(x) + 11*y(x). Let a be m(3). What is the units digit of 2/(a/(-36)*-3)?
8
Let z = 2 - 1. Let j = 1 - z. What is the units digit of -1 + j + 8 - -2?
9
Let y(b) = -b**3 + 3*b**2 + 2*b - 4. Let k be y(3). Suppose 5*v - k*v - 24 = 0. What is the units digit of v?
8
Let f(s) = 1 - s**3 + 3 + s**2 - 2 - s. What is the units digit of f(0)?
2
Let m(d) = -d**3 - 4*d**2 - 4*d - 2. Suppose 0 = -r - 6. Let g be (-18)/(-9)*r/4. What is the units digit of m(g)?
1
Let i(p) = p + 4. Let c be i(-4). Suppose -a = -c*f + 5*f, -a - 4*f + 3 = 0. Suppose 3*d + 2*d = a. What is the units digit of d?
3
Let l(a) = -a**2 + a + 3. Let t be l(0). Suppose -2*z + 8 = 4*b, -t = -6*z + 3*z + 3*b. Let r = z + 1. What is the units digit of r?
3
Let h(n) = -3*n. Let k be h(-1). Suppose -k*r + 14 = -28. Suppose r = 4*g - 42. What is the tens digit of 